 + 0)*48. Let r = v - a. Is r a prime number?
True
Suppose 2*w = -0*w + 8. Let h(i) = i**2 - 3*i - 1. Let u be h(w). Suppose 5*l = -x + 599, 0 = -2*l + u*x - 6*x + 250. Is l a composite number?
True
Suppose 4*g - 7*g + 4*a = -162, 165 = 3*g - 3*a. Is g a prime number?
False
Let a(o) = o**2 - 6*o - 5. Let n be a(6). Let s be 66/(-15) - 2/n. Let y(z) = 4*z**2 - 5*z - 1. Is y(s) a composite number?
False
Let t(s) = -114*s + 23. Is t(-16) a composite number?
False
Suppose 1632 = 8*q - 776. Is q prime?
False
Let f = -252 + 461. Is f a composite number?
True
Suppose n = -0*n - 9. Let s be (-6)/9 + (-528)/n. Let m = s - -69. Is m a composite number?
False
Suppose 0 = -3*r + s + 19, 3*s + 27 = 5*r - s. Suppose 0 = -n - 2*g + 15, 0 = 5*n - r*g + 3*g - 103. Is n a composite number?
False
Suppose -30*q = -27*q - 771. Is q composite?
False
Suppose 66 = -3*g - 141. Let j = 256 + g. Is j a prime number?
False
Let h(b) = -10*b. Let z be h(-1). Let c be z/6 - 3/(-9). Suppose 5*i - 49 = v, -2*i + i + 17 = -c*v. Is i a composite number?
True
Suppose 0 = 5*h - 3*d - 331 - 1114, -567 = -2*h - d. Suppose 3*z - h = 680. Suppose -z = -5*p + 763. Is p a prime number?
False
Suppose -2*j + 45 = 5*m + 3*j, 5*j = -m + 25. Suppose -m*q - 51 - 39 = 0. Let c = 41 - q. Is c composite?
False
Let w(q) be the first derivative of -21*q**2/2 + q + 1. Is w(-1) prime?
False
Suppose -4*c + 22 = -7*c - 5*a, 10 = 5*c - a. Let z(g) = -g**3 - 9*g**2 + 1. Let d be z(-9). Let b = c + d. Is b composite?
False
Let v = 247 - 135. Let g = 179 - v. Is g a composite number?
False
Let o = 364 + 15. Is o a prime number?
True
Let c(i) = -i**3 - i**2 - 9*i - 11. Is c(-6) a composite number?
False
Let w = 1 - -2. Let u(p) = 2*p**2 - 2*p + 1. Let r be u(-4). Suppose -w*o = -25 - r. Is o prime?
False
Suppose -4606 = -10*f + 11964. Is f a composite number?
False
Let x(o) = 2*o**3 - 9*o**2 + 3*o - 7. Let n be x(7). Suppose -u = 4*h - n, 0 = -4*h - 5*u + 137 + 118. Is h a prime number?
False
Let w = 478 - 261. Let p = -120 + w. Is p composite?
False
Suppose 0*c = -5*c + 20. Suppose -4*s = -c*h + 260, -5*s - 132 = -2*h - 4*s. Is h prime?
True
Is -3054*((-18)/(-4))/(-9) a composite number?
True
Let v = -1490 + 2103. Is v a prime number?
True
Suppose 0 = 5*u + 3*h - 955, -3*u - 3*h = 2*h - 573. Is u a composite number?
False
Let f = 0 + 7. Let h(q) = 4*q**3 - 12*q**2 + 3*q - 3. Let x(m) = 3*m**3 - 11*m**2 + 3*m - 4. Let c(o) = 2*h(o) - 3*x(o). Is c(f) prime?
True
Let u(g) = 1619*g**2 - 4*g + 3. Is u(1) a composite number?
True
Let s = 3304 - 1929. Let q = s + -794. Is q composite?
True
Let c = 160 - -1533. Is c a prime number?
True
Let b(y) = -y + 9. Let l be b(8). Suppose -5 - l = -3*v. Suppose 3*n + v*o = 6*n - 18, 0 = 3*n + 5*o + 3. Is n a composite number?
True
Let d(u) = 2*u + 12. Let o be d(-8). Is (-71 - o)*(-5)/1 a prime number?
False
Let d(t) = -t**2 - 4*t. Let y be d(-3). Let g(p) be the third derivative of p**5/12 - p**4/12 - p**3/3 + 2*p**2. Is g(y) a composite number?
False
Let t(v) = 37*v**2 + 9*v - 15. Is t(5) a composite number?
True
Let w be 30/36 - (-1)/6. Is (-1)/(-2)*(w + 417) a composite number?
True
Let o = 700 - 17. Is o a composite number?
False
Is ((-44)/6)/(10/(-105)) a prime number?
False
Suppose -2*x - x + 62 = 2*d, 3*d - 93 = -3*x. Is d a prime number?
True
Let m = -327 + 646. Is m a prime number?
False
Let j(v) be the second derivative of 23*v**3/6 + 5*v**2 + 7*v. Is j(8) composite?
True
Suppose -m - m = 2*f - 24, 0 = m + 4*f - 27. Is m - 11 - (-114 - 1) prime?
False
Is ((-74)/(-6))/((-2)/(-12)) prime?
False
Let o(c) = 16*c**2 - 2*c - 2. Let g be (4 + -5)*7*-1. Let q = g - 5. Is o(q) composite?
True
Let v(w) = 5*w**2 + 8*w - 5. Let t(p) = -4*p**2 - 7*p + 4. Let j(x) = -4*t(x) - 3*v(x). Let h be j(-6). Suppose -o = 4 - h. Is o composite?
False
Is 1964/6*6/4 composite?
False
Let l = 32 + 28. Suppose -b + l = b. Let f = 89 + b. Is f prime?
False
Let q(j) = 8*j**2 - 2*j - 1. Let z be -2 - (-2 - (-2 + -1)). Is q(z) a composite number?
True
Let m(i) = -i**3 + 4*i**2 + i. Let t be m(4). Let c be (-2)/t + 5/2. Suppose -u + 23 = w, -13 = -2*w + c*u + 17. Is w prime?
True
Suppose 0*f - 4*f = -1788. Is f a prime number?
False
Suppose -28 = 3*a - a. Let x = 5 - 12. Let l = x - a. Is l a prime number?
True
Suppose -6*c + 9153 = -3849. Is c composite?
True
Is 172/(-5)*(-30)/12 a composite number?
True
Let w(p) = -7*p**3 - p**2 - 8*p + 3. Is w(-5) a composite number?
True
Let a(l) = -l + 5. Let j be a(4). Suppose 2*p + j = 3*p. Is -23*(2 - (p - -2)) a prime number?
True
Let c(n) = -n**3 + n**2 + n + 1. Let s(u) = -3*u**3 - 6*u**2 - 6. Let o(b) = 2*c(b) - s(b). Is o(-7) prime?
True
Suppose 188 = 4*a + 4*m - 488, a - 181 = -4*m. Suppose -2*r + a = 3*r. Is r prime?
False
Suppose -2*t - 3*z + 379 = 0, 0 = -4*z + 12 - 0. Is t a composite number?
True
Let p = -1 - -52. Is p a prime number?
False
Suppose b = 6*b - 10. Suppose 5*w = -b + 17. Suppose -62 - 86 = -4*r - 4*g, -r - w*g + 45 = 0. Is r composite?
True
Let o = 639 - -832. Is o a prime number?
True
Is (651 - 16)*(0 + (-1 - -2)) prime?
False
Let f be (-143)/(-78) - (-2)/12. Suppose -102 = -3*s - 3*g, -98 = -3*s - g + 2*g. Let j = s - f. Is j prime?
True
Let v(w) = 23*w**2 - 4*w - 28. Is v(-19) a prime number?
False
Let x(z) = 2*z**2 + 2. Let k be x(3). Suppose 3*p = -p + k. Suppose -v + p*h + 43 = 0, 2*v - 38 = -4*h + 2*h. Is v a composite number?
False
Suppose 0*g - 4 = -g. Let i be 17/g + (-2)/8. Suppose 4*c - 5*j = 454 + 167, c = -i*j + 129. Is c prime?
True
Suppose -2*u + 5*u = 606. Let v = u + 9. Is v prime?
True
Let y(k) = -84*k + 5. Is y(-3) a prime number?
True
Let c = -4 + 4. Let z be 0*((-3)/(-3) - c). Let j = 21 - z. Is j a prime number?
False
Let f = -639 + 1306. Is f composite?
True
Is (-2 - (-315)/(-1))*-1 a composite number?
False
Let t(f) = f. Let r be t(4). Suppose -164 = -r*p - 16. Is p a prime number?
True
Let b(v) = 13*v - 49. Is b(20) prime?
True
Let o(k) = -k**2 + 9*k - 8. Let t be o(8). Suppose 4*i + i - 265 = t. Is i composite?
False
Let v(h) = -52*h**3 - 4 - 7*h + 51*h**3 + 3*h. Is v(-7) composite?
False
Suppose o + 3 = 2*o. Is 36 + (0 + o - 2) a prime number?
True
Is ((4 - 5)*2)/((-2)/397) a prime number?
True
Let s be 5/6 + (-2)/(-12). Is (812/12)/(s/3) composite?
True
Let b(p) = -38*p**2 + 4*p - 7. Let g(r) = 114*r**2 - 11*r + 20. Let q(a) = 17*b(a) + 6*g(a). Is q(2) composite?
False
Suppose 0*r = -r + 133. Is r prime?
False
Let d be 10/(-50) - (-8)/(-10). Let m(y) = y**2 + 14*y**2 + 6*y**2. Is m(d) a prime number?
False
Let a be (-1)/(-3)*9*19. Let r(w) = w**2 - 4*w + 5. Let n be r(5). Let j = a - n. Is j a prime number?
True
Is (3786/18)/((-3)/(-9)) a composite number?
False
Let d = -36 - -80. Let b be (2/1)/(1/3). Suppose -b*u = -2*u - d. Is u prime?
True
Suppose -a = a - 20. Suppose -3*w = l - a, -5*w + 3*l + 38 = 12. Suppose -w*u + m + 130 = 2*m, -4*m = u - 25. Is u a prime number?
False
Let n(b) = -b**3 - 2*b + 1801. Is n(0) composite?
False
Let l(o) = 38*o + 1. Let j be l(-2). Let s = 194 + j. Is s a composite number?
True
Is 4039/9 + 8/36 a composite number?
False
Suppose -193 = -5*n - 2*w, -2*n - n = -2*w - 103. Is n composite?
False
Let v = 2 + -4. Suppose -3*j + 17 = -49. Is (-2 - -1) + (j - v) composite?
False
Suppose 0 = -4*q - 5*a + 7271, 2*q - 3637 = -7*a + 4*a. Is q a composite number?
True
Let s(k) = 14*k**2 - 4*k + 25. Is s(9) a composite number?
False
Suppose -n + a + 182 = 2*a, 5*a + 206 = n. Suppose 5*f - n = 169. Is f a prime number?
True
Suppose 9*w - 93 = 6*w. Is w a composite number?
False
Is 39954/21 + (-15)/(-35) prime?
False
Let x = 599 + -120. Is x a prime number?
True
Suppose 0 = -2*k + 18 - 6. Is ((-44)/k)/((-10)/75) a prime number?
False
Suppose -13 = -4*k + 11. Let l(m) = 13*m - 1. Is l(k) a prime number?
False
Suppose a + 4 = 0, 2*c - 3*a - 402 = 2*a. Is c composite?
False
Suppose -188 = -5*r + 447. Is r composite?
False
Let y(q) = 32*q**2 - 2*q - 1. Let f(k) = -k**2 + 3*k - 5. Let b be f(4). Let r = b + 7. Is y(r) composite?
False
Is 18/4*148 - (-1)/1 prime?
False
Let p(a) = -19*a**3 + 2*a - 1. Let v be p(1). Is v/(0 + -3) - -1 composite?
False
Let h be (-200)/3 + 6/9. Let p = 101 + h. Is p prime?
False
Let s(y) = 3*y**2 + 0 - 1 + 2*y + 2*y. Is s(3) composite?
True
Let z = 11 